. Calculate q(3).
-11
Let w(l) = -l**3 - 5*l**2 - 7*l - 1. Let a be w(-3). Let s(z) be the third derivative of 1/60*z**5 + 0*z**3 + 0*z + 2*z**a + 1/40*z**6 + 0 + 0*z**4. Give s(1).
4
Suppose -4*o - 2 = 3*i - 0, 2*i - 4*o - 12 = 0. Suppose -6 = -i*r + r. Let d(f) = -f**3 + 5*f**2 + 5*f + 1. Determine d(r).
-5
Let i(z) be the third derivative of -z**6/120 + z**4/8 + z**3/6 + 16*z**2. Give i(-2).
3
Let i(k) be the third derivative of k**4/24 - k**3/6 - 2*k**2. Calculate i(-3).
-4
Let l(f) = -f**3 + 4*f**2 + 7*f - 5. Let h be l(5). Let m(d) = -2 + 3 - d**3 - h*d + 4*d + 4*d. Determine m(-2).
3
Let i(k) = -4*k + 11 + 2*k + 3*k - 2*k. Determine i(5).
6
Suppose -5*z + 73 = 13. Let u = z - 17. Let b(m) = -5*m**3 - 6*m**2 - 7*m - 4. Let x(d) = -4*d**3 - 6*d**2 - 7*d - 4. Let f(w) = -3*b(w) + 4*x(w). What is f(u)?
6
Let v(w) be the first derivative of w**4/4 - 8*w**3/3 + 9*w**2/2 - 8*w + 1. Suppose 32 = 5*j - 3*b, -5*j = -0*j - 5*b - 30. Calculate v(j).
6
Suppose 4*k - 5 = 15. Suppose -2*v + 4*b - 20 = 2*v, 0 = -v - 4*b + k. Let j(s) = 3*s + 11*s - 5*s - 5*s + 2 - 3*s. What is j(v)?
-1
Let f be 3*((-20)/(-8) - 3)*2. Let v(r) = 3*r**2 - r - 4. Give v(f).
26
Suppose 4*k = -3*u - 4, 3*u - 2*k = 4*u + 2. Let d(s) = -s**2 + 6. Give d(u).
6
Let t(v) = v**3 + 7*v**2 - 2*v - 8. Let i be (-3)/(-2)*(-56)/12. What is t(i)?
6
Suppose -41 = -6*y + 13. Let u(i) = -2*i**2 + 1. Let b(a) = -7*a**2 - a + 4. Let k(f) = y*u(f) - 2*b(f). Give k(-1).
-5
Let o(f) = 2*f + 7. Let q = -18 + 13. Give o(q).
-3
Let l(g) = 0*g + 3*g**2 + g - 10*g + 8*g. Determine l(2).
10
Suppose -3*p = -0 - 9. Let x(s) = -3*s - p*s + 5*s - 9. Determine x(-4).
-5
Let l(a) = 3*a - 5. Suppose -6*t = -2*t - 16. What is l(t)?
7
Let d be ((-12)/15)/(2/(-5)). Let a(x) = -2*x - d*x**2 + 2*x**3 - 4*x**3 + 3 + 0*x + 3*x**3. Let z(l) = -2*l - 3. Let n be z(-3). Determine a(n).
6
Let k(p) be the third derivative of -p**6/120 + 2*p**5/15 + 5*p**4/12 - 4*p**3/3 + 7*p**2. Give k(9).
1
Let c(h) = -h**2 + 2*h**2 - h - 4*h - 1. Let x(m) be the second derivative of -m**5/20 - m**4 - 2*m**3 - 5*m**2/2 - 9*m. Let p be x(-11). What is c(p)?
5
Let j = 15 + -10. Suppose l + 20 = j*l. Let s(u) = u + 4. What is s(l)?
9
Let k = 54 - 49. Let n(d) be the third derivative of -d**5/60 + d**4/4 - d**3 - d**2. Calculate n(k).
-1
Let l(f) = -9*f. Let m = 5 - 0. Suppose 0 = m*s - 5 - 0. Calculate l(s).
-9
Suppose 5*x - x = -20. Let h(r) = r**3 + 9 - 8 + 5*r**2 + 0*r**3. Determine h(x).
1
Let h(u) = 7*u**3 + 3*u**2 + 5*u + 2. Let v(o) = 8*o**3 + 4*o**2 + 6*o + 2. Let i(c) = 7*h(c) - 6*v(c). What is i(3)?
-1
Let r(p) = -p**2 - 2*p + 3. Let v be 168/(-44) + (-2)/11. What is r(v)?
-5
Let s(m) be the first derivative of 3*m + 5 - 5/2*m**2 - 1/3*m**3. Calculate s(-5).
3
Let i(g) = -g**2 - 3*g - 3. Suppose -3*r - 20 = -2*c, -4*r - 30 = -3*c - 0. Let b be (-1)/((-18)/c - -2). What is i(b)?
-13
Let p = 199 - 195. Let a(r) = r**2 - 4*r + 4. What is a(p)?
4
Suppose -2 = -c - 4*k, 7*k = 3*c + 3*k - 22. Suppose 3*i - 5*h - 28 = 0, -c*h + h = i + 4. Let r(n) = n + 1. What is r(i)?
7
Suppose 0 = -5*t + 4*c + 68, -c - 37 - 8 = -3*t. Let v = 28 - t. Let x = v + -7. Let d(u) = -u**3 + 4*u**2 + 4*u. Calculate d(x).
-5
Let x = 8 - 8. Let q(p) = 4*p**2 + x + 1 + p - p. What is q(-1)?
5
Suppose -3*u + 4*u + 16 = 5*s, -20 = -2*s - 3*u. Suppose -s*n = n. Let b(g) be the second derivative of g**5/20 - g. What is b(n)?
0
Let c = 35 - 30. Let k(q) = -3*q + 5. Give k(c).
-10
Let l(i) be the first derivative of -i**4/4 - i**2/2 - 15. Let n be 4/(-6)*(-2 + -1). Suppose n = -c - c. Give l(c).
2
Let z = 0 - -3. Let w = z + 1. Let m(u) = 2*u**2 + w*u**2 - 3*u**2 + 2*u - 4*u**2. Determine m(2).
0
Let t(v) = -3*v**2. Let a be t(1). Let j(r) = -2*r - 17. Let f(i) = i + 8. Let c(n) = a*j(n) - 7*f(n). What is c(-6)?
1
Suppose 121 - 31 = -5*u. Let l be u/(-27) - (-14)/(-3). Let j(s) be the second derivative of -s**5/20 - s**4/4 + s**3/6 - 2*s**2 + s. What is j(l)?
8
Let g(o) = -o + 21. Let u be g(12). Suppose u + 1 = 3*r - d, -5*r = -2*d - 17. Let w(h) = h**2 - 2*h + 1. What is w(r)?
4
Let a(w) = -w**3 - 7*w**2 + 2*w + 10. Suppose -2*j - 5*v - 1 = 0, 2*j + 0*v = v + 29. Suppose 5*k + o = -3*o - 55, k + j = -o. Give a(k).
-4
Suppose -2*b = -2*t - 10, -3*b + 4*t + 10 = -10. Let v(r) = -r**2 + r + 4. Determine v(b).
4
Let x be (1/3)/(6/(-18)). Let u(k) = -9*k**3 - 2*k**2 - 4*k - 1. Let o(m) = -36*m**3 - 8*m**2 - 17*m - 4. Let w(p) = 2*o(p) - 9*u(p). Calculate w(x).
-8
Let l(u) = -u**3 + 10*u**2 + 2*u - 14. Let a be 230/805 + (1 - (-61)/7). Determine l(a).
6
Let q(k) = 2*k + 10. Let i be q(-5). Let l(w) be the third derivative of 0*w + 0 + 1/24*w**4 - 1/60*w**5 + 1/6*w**3 + w**2. Calculate l(i).
1
Let z(w) = -w**3 + 3*w**2 + w - 3. Let o(a) = 2*a + 1. Let j be o(1). Give z(j).
0
Let z(b) = -b**3 - 12*b**2 - 7*b - 7. Let m(y) = -y**3 - 13*y**2 - 8*y - 7. Suppose -6*r + 4*r = -12. Let v(a) = r*m(a) - 7*z(a). Give v(-6).
1
Let l(n) = 52*n - 101*n + 48*n - 6. What is l(5)?
-11
Let x(i) = i**2 - 5*i - 5. Let r = -2 + 3. Let k be (1 - r - 0) + -1. Let o = k + 6. Determine x(o).
-5
Let z be (-45)/6*(-44)/55. Let k(l) = -l**2 + 5*l - 2. What is k(z)?
-8
Suppose -3 = -2*x + 5. Suppose q - 15 = 4*b, -2*q + b - x*b + 8 = 0. Let j(t) = 0 - 3 + 6*t - q*t. Give j(-5).
2
Let j(i) = -6 - 5 + 3 + 0*i**2 + i**2 + 7*i. Determine j(-7).
-8
Let g(t) = -2*t**3. Suppose -4*u + 3*k = 8, 3*u - k - 8 = 7*u. Suppose 3*y - 7*y + 12 = -o, 0 = 5*o. Let m = y + u. Calculate g(m).
-2
Let r(m) = -4 - 5*m - 5 + 4*m - m. Let t be r(-6). Let x(v) = -v**2 + 3*v - 3. Calculate x(t).
-3
Let m = -71 - -70. Let u(d) = 8*d**2 - 1. Calculate u(m).
7
Let y be 0/((-2 - -4)/1). Suppose 4*w + 0*b + 14 = -2*b, y = 4*b - 20. Let o(z) = -z - 3. Let d be o(w). Let f(h) = h**2 - 2*h - 2. What is f(d)?
1
Let q(z) = 7*z**3 + 5*z**2 - 11*z + 11. Let c(i) = -4*i**3 - 2*i**2 + 6*i - 6. Let h(j) = 5*c(j) + 3*q(j). What is h(-6)?
-15
Suppose z = -5*m + 32, 2*m - 4*z - 16 = -2*m. Let k(h) = -1 + 0*h - 4*h + m*h + 0*h + h**2. Determine k(1).
2
Let s(k) = 2*k - 2*k + 10*k - 2*k. Give s(1).
8
Suppose 0 = -5*g + 29 - 9. Let q(c) = g - c - c - c. Give q(-3).
13
Let b(y) be the third derivative of y**4/24 + 7*y**3/6 + 21*y**2. Determine b(-5).
2
Let u(o) = 3*o**2 + 5*o - 6. Let f = -7 - -4. Let p(m) = -2*m**2 - 4*m + 5. Let s(w) = f*u(w) - 4*p(w). Let n(r) be the first derivative of s(r). Give n(1).
-1
Let f = 5 + -3. Let q(w) = 12 + 3*w - w - f*w + w. Determine q(-7).
5
Let c(k) = k**2 - 6*k + 7. Let l be c(5). Let o(x) be the first derivative of -x**2/2 + 2. Let b(f) = f. Let w(n) = 5*b(n) + 4*o(n). What is w(l)?
2
Let c(f) be the second derivative of -f**4/12 + 11*f**3/6 - 6*f**2 + 16*f. What is c(9)?
6
Let i = 1 + 3. Suppose -3*l - i = -5*l. Let n(s) be the third derivative of s**4/24 - s**2. Determine n(l).
2
Suppose -6*o + 8 = -4*o - 4*y, 0 = o - y + 1. Let i(l) = -5*l**2 + 8*l + 1. Let m(r) = r**2. Let g(c) = -i(c) - 6*m(c). Give g(o).
11
Let w(o) = o**3 - 7*o**2 - 3*o + 3. Suppose 15 = 2*y - u, -3*y + 0*u + 17 = 4*u. Calculate w(y).
-18
Let g(c) be the first derivative of -c**4/4 + 4*c**3/3 - c**2/2 - 3*c - 2. Give g(3).
3
Suppose i + n + 0*n = -5, 4 = i - 2*n. Let r(v) = 2*v**3 + 11*v**2 + 4*v - 9. Let l(w) = -w**3 - 5*w**2 - 2*w + 4. Let j(f) = -7*l(f) - 3*r(f). What is j(i)?
-5
Let w(q) be the second derivative of -q**5/20 + q**4/6 - 2*q**3/3 + q**2 - q. Let d = -20 + 33. Suppose -3 = 5*u - d. Calculate w(u).
-6
Suppose -12 = 5*i - c, -c = 4*i - 3*c + 12. Let n(q) be the first derivative of q**4/4 - q**3/3 + q + 1. Calculate n(i).
-11
Let g(z) = -z**3 + 8*z**2 - 8*z + 1. Let n be (2/(-3))/((-2)/21). What is g(n)?
-6
Suppose -x - 4*x + 5 = 0. Let h(r) be the second derivative of -3*r**5/10 + r**2/2 + 4*r. Give h(x).
-5
Suppose 4*d + 5*g = -5 - 20, 4*g + 20 = 4*d. Suppose -4*a + 4*o = -16, 5*a = -2*o - d*o + 20. Let h(l) = -a + 4 + 7*l**2. Give h(1).
7
Let x(l) = 0 + 0 - 20*l + 18*l. Calculate x(-3).
6
Let c(s) be the first derivative of s**5/60 + 7*s**4/24 + s**3 + 2*s**2 - 1. Let x(g) be the second derivative of c(g). Suppose k - 4 = 2*k. Give x(k).
-6
Let a(k) = 7 - k - 7 - 2*k - 2. Let g = 6 + -9. Calculate a(g).
7
Let g(z) = 3*z - 1. Let r = -128 + 124. Give g(r).
-13
Suppose 14*z = 15*z - 4. Let d(q) = -q**3 + 6*q**2 -